or of 1508 and 319?
29
Calculate the greatest common factor of 32775 and 475.
475
Calculate the greatest common divisor of 1830 and 6610.
10
What is the highest common factor of 46882 and 2222?
22
Calculate the highest common factor of 39030 and 210.
30
Calculate the greatest common factor of 368 and 502504.
184
What is the highest common divisor of 11720 and 56?
8
What is the highest common divisor of 4 and 235704?
4
What is the highest common divisor of 20505 and 390?
15
Calculate the highest common factor of 414783 and 612.
153
What is the highest common divisor of 1275 and 413450?
25
Calculate the greatest common divisor of 15981 and 6951.
21
Calculate the greatest common divisor of 1995 and 535.
5
What is the highest common factor of 44005 and 13?
13
What is the highest common divisor of 2150047 and 421?
421
What is the highest common factor of 57 and 543723?
57
Calculate the greatest common divisor of 80 and 740.
20
Calculate the highest common divisor of 2712 and 120.
24
What is the highest common factor of 12700 and 17018?
254
Calculate the highest common divisor of 1172 and 244.
4
What is the highest common factor of 16 and 24628?
4
What is the greatest common divisor of 1653 and 456?
57
What is the greatest common factor of 670765 and 20?
5
Calculate the greatest common factor of 132 and 26004.
132
Calculate the greatest common factor of 60 and 1968280.
20
What is the highest common factor of 131747 and 11?
11
What is the highest common factor of 8688 and 12670?
362
What is the greatest common divisor of 205 and 16441?
41
What is the greatest common divisor of 49813 and 22393?
457
Calculate the greatest common factor of 1715850 and 2430.
270
What is the highest common divisor of 1648 and 158414?
206
What is the greatest common divisor of 2312 and 13192?
136
Calculate the highest common divisor of 32 and 73064.
8
Calculate the greatest common factor of 912 and 144856.
152
What is the highest common factor of 5916 and 5236?
68
Calculate the greatest common divisor of 10 and 46515.
5
Calculate the highest common divisor of 4408 and 20.
4
Calculate the greatest common divisor of 68 and 30154.
2
Calculate the greatest common divisor of 1304 and 533010.
326
What is the highest common factor of 608 and 156066?
38
What is the greatest common divisor of 315 and 256347?
63
Calculate the greatest common factor of 16700 and 1175.
25
What is the greatest common factor of 7024 and 12?
4
What is the greatest common factor of 578502 and 4698?
162
What is the greatest common factor of 130 and 95310?
10
What is the greatest common divisor of 731668 and 392?
196
Calculate the highest common factor of 17 and 1289467.
17
Calculate the greatest common divisor of 94 and 281107.
47
Calculate the greatest common divisor of 2270 and 106.
2
Calculate the greatest common factor of 7580734 and 266.
266
Calculate the greatest common factor of 1747580 and 40.
20
Calculate the highest common divisor of 394335 and 690.
345
Calculate the greatest common factor of 4 and 703220.
4
Calculate the highest common factor of 539 and 66451.
77
What is the highest common divisor of 844 and 20?
4
Calculate the greatest common factor of 13032 and 32.
8
What is the highest common factor of 261590 and 1850?
370
Calculate the greatest common divisor of 68 and 15530.
2
Calculate the greatest common divisor of 650 and 299234.
26
What is the greatest common factor of 7405 and 15?
5
What is the greatest common divisor of 828 and 294561?
207
Calculate the greatest common divisor of 2059290 and 58.
58
What is the greatest common divisor of 20691 and 1254?
627
Calculate the highest common factor of 475 and 7505.
95
What is the greatest common divisor of 2064 and 10104?
24
What is the greatest common divisor of 1122 and 30906?
102
Calculate the greatest common divisor of 4611 and 5684.
29
What is the greatest common divisor of 1677 and 2379?
39
Calculate the highest common factor of 755 and 345035.
755
Calculate the highest common divisor of 8080 and 567115.
505
Calculate the highest common divisor of 203 and 12509.
7
Calculate the greatest common divisor of 1085 and 22475.
155
What is the highest common divisor of 514564 and 16325?
653
What is the highest common divisor of 1625691 and 123?
123
Calculate the greatest common divisor of 27416 and 2682.
298
What is the greatest common factor of 62 and 2759?
31
What is the highest common factor of 294 and 166502?
98
What is the highest common divisor of 6556 and 4994?
22
Calculate the greatest common factor of 72 and 1275528.
24
What is the highest common divisor of 2142 and 80682?
714
Calculate the greatest common divisor of 268 and 1196.
4
Calculate the highest common divisor of 759536 and 32.
16
What is the highest common factor of 1960 and 26705?
245
What is the greatest common divisor of 128 and 7200?
32
Calculate the highest common divisor of 28 and 6612.
4
What is the greatest common factor of 5208 and 502488?
168
What is the greatest common divisor of 305532 and 2346?
138
Calculate the highest common divisor of 3288 and 1000.
8
What is the greatest common factor of 4008 and 216?
24
Calculate the highest common divisor of 18285 and 3105.
345
Calculate the greatest common divisor of 75433 and 2504.
313
What is the highest common factor of 95 and 161557?
19
Calculate the greatest common factor of 655 and 4847.
131
What is the greatest common factor of 1438670 and 2350?
470
Calculate the greatest common factor of 172 and 324908.
172
Calculate the highest common factor of 5117615 and 230.
115
Calculate the greatest common divisor of 225 and 1343115.
45
Calculate the highest common divisor of 5491 and 2312.
289
Calculate the highest common factor of 3069836 and 616.
308
What is the greatest common divisor of 35313 and 11175?
447
What is the greatest common divisor of 116 and 30508?
116
Calculate the greatest common divisor of 1001 and 6721.
143
What is the highest common divisor of 150 and 17950?
50
What is the greatest common divisor of 18162 and 198?
18
What is the greatest common divisor of 5348 and 858736?
764
Calculate the greatest common factor of 52690 and 15.
5
What is the greatest common factor of 2154 and 35646?
6
What is the greatest common divisor of 20979 and 9583?
259
What is the greatest common divisor of 201025 and 170?
85
Calculate the greatest common factor of 14520 and 33220.
220
What is the greatest common divisor of 44200 and 40?
40
What is the greatest common factor of 506 and 198638?
22
Calculate the highest common divisor of 5494 and 7370.
134
Calculate the greatest common divisor of 131086 and 4.
2
What is the greatest common factor of 1043 and 402151?
149
What is the greatest common factor of 245503 and 3447?
383
Calculate the highest common divisor of 70104 and 2024.
184
Calculate the greatest common divisor of 23701 and 23290.
137
What is the greatest common divisor of 6044246 and 10712?
2678
Calculate the highest common divisor of 1337276 and 4.
4
Calculate the highest common divisor of 288 and 828.
36
Calculate the greatest common factor of 6036 and 324.
12
Calculate the highest common factor of 69368 and 5800.
232
Calculate the greatest common divisor of 949533 and 291.
291
What is the greatest common factor of 161 and 185633?
161
Calculate the highest common divisor of 6079840 and 32.
32
What is the highest common factor of 5168 and 9728?
304
What is the greatest common factor of 6024 and 308981?
251
What is the highest common divisor of 2327 and 2743?
13
Calculate the highest common factor of 246453 and 1017.
339
What is the greatest common divisor of 26 and 45331?
13
What is the greatest common divisor of 51220 and 1170?
130
What is the greatest common factor of 15884 and 502436?
836
Calculate the greatest common divisor of 3654 and 34974.
522
Calculate the highest common factor of 169 and 16484.
13
Calculate the greatest common factor of 273 and 1209.
39
Calculate the highest common divisor of 132 and 1904265.
33
Calculate the greatest common divisor of 1518 and 2658777.
759
Calculate the greatest common divisor of 6290 and 1360.
170
What is the greatest common divisor of 22219 and 2601?
17
Calculate the greatest common divisor of 40 and 278.
2
Calculate the highest common factor of 59531 and 649.
59
W